he highest common factor of y and 22?
11
Let i = 890 + -630. Suppose -35*n + i + 90 = 0. What is the greatest common divisor of n and 410?
10
Let z = -259 + 334. Let u = -44 + z. What is the greatest common factor of 589 and u?
31
Suppose -5*a - 17 = 4*m - 18, -m + 3*a - 4 = 0. Let t be (10/(-8) - m)/(3/(-108)). What is the greatest common divisor of t and 72?
9
Let o be 3*-40*(-1)/3. Let k(c) = 4*c**2 - 37*c + 40. Let x be k(0). Calculate the highest common factor of o and x.
40
Let z = -69 + 87. Let r(t) = t**3 + 45*t**2 + 42*t + 8. Let d be r(-44). What is the highest common factor of d and z?
6
Suppose -402 = -13*z - 194. Suppose z*d + 15*d = 1519. What is the greatest common divisor of 7 and d?
7
Suppose 0 = -z + 2*k + 391, 8270*z - k = 8271*z - 412. Calculate the highest common factor of 360 and z.
45
Let c be (-725)/2*(-452)/(-3390)*(-48)/2. Calculate the greatest common factor of 1885 and c.
145
Let g = 5896 + -4492. Calculate the greatest common factor of g and 324.
108
Let p be ((-22)/(-5))/((-215)/(-64500)). What is the greatest common divisor of p and 352?
88
Let n(s) = s**3 + 44*s**2 - 50*s - 60. Let t be n(-45). Suppose t = 11*i - 165. Calculate the greatest common factor of 230 and i.
10
Suppose 2*i - 10 = -3*t, 3*i - t - 2 = 2. Suppose 0*g = 3*g - 9, i*m + 4*g = 102. What is the highest common divisor of m and 75?
15
Let w = -16583 - -17071. What is the highest common divisor of 16 and w?
8
Suppose -157 - 234 = -9*x + 275. What is the greatest common divisor of x and 296?
74
Suppose 0 = g + 2*f - 3398, 3*f + 3674 = g + 301. What is the greatest common divisor of 77 and g?
77
Suppose 78*n = 7548 + 27942. What is the greatest common divisor of 819 and n?
91
Suppose 5*c - 58 = 1757. Let n = c + -360. Calculate the highest common factor of n and 201.
3
Let j(n) = n**2 - 26*n + 88. Let b be j(23). Suppose 4*s + 222 = 3*x + 2*s, 2*s = -3*x + 234. What is the greatest common divisor of b and x?
19
Suppose 6*k + 2724 = -0*k. Let w = k - -470. What is the highest common factor of 8 and w?
8
Let n be ((-270)/(-21))/(1 - (-371)/(-392)). Let x be 6 - 9/(147/56 - 3). Calculate the highest common factor of x and n.
30
Let u(p) = -2*p**3 + 336*p**2 - 13*p + 2191. Let y be u(168). Let m = 7 + 3. Let d = m - -11. Calculate the highest common divisor of y and d.
7
Suppose -3*k + 4*d = -88, -84 = -k - 3*k - 3*d. Let t(z) = 26*z + 10. Let r be t(0). Let f = k - r. What is the greatest common factor of f and 154?
14
Suppose 4*k = 17*z - 16*z - 20, 50 = 5*z + 5*k. Let h = -10 - -54. Suppose a - 3*b - 4 - h = 0, a - 52 = 4*b. What is the greatest common factor of a and z?
12
Suppose -4*r = 5*w - 4504, 3572 = 4*w - 0*w - 2*r. Calculate the greatest common divisor of 1408 and w.
128
Suppose 0 = -17*z - 67 + 679. Suppose -n - 12 = -66. Calculate the highest common factor of z and n.
18
Suppose -3*a - 35*a + 466 = -6108. Calculate the highest common divisor of 46883 and a.
173
Let t = 22596 - 16706. What is the highest common factor of t and 1520?
190
Let f be ((-5)/5)/((-2)/12). Suppose -169 = -a + f*x - x, 5*a - 2*x - 730 = 0. Calculate the greatest common factor of a and 9.
9
Let a be (6 - 16)*2/(-5). Suppose a*z = -z + 10. Let j be (-36)/(-126) + (-80)/(-14). Calculate the greatest common factor of z and j.
2
Suppose 5*j + 3*c = -226, 5*c - 2*c = -3*j - 132. Let v = -39 - j. Suppose 48 = 7*f - f. Calculate the highest common divisor of f and v.
8
Suppose -4*v + 0*d + 218 = d, -7*v + d = -376. Suppose 5*y + 3*o = -216, -3*o = -3*y + o - 118. Let t = 12 - y. What is the highest common divisor of v and t?
54
Suppose -3*t + 3*l = -5715, 0 = -4*t + 3*l + 4831 + 2793. What is the greatest common factor of 23 and t?
23
Let r(y) = -17*y**3 + y**2 - 1. Let t be r(-1). Suppose 40 = 3*j - t. Suppose -35 = -2*h + b + 5, -b - 2 = 0. What is the highest common divisor of h and j?
19
Let m(c) = -4*c**2 + 192*c - 994. Let d be m(6). What is the highest common factor of d and 5117?
7
Suppose 0 = -5*l + 5*w - 315, -3*l - 122 = -l - 3*w. Let s = l + 73. Suppose 3*n + 39 - 138 = 0. What is the highest common divisor of s and n?
3
Suppose 0 = -25*o - 1531 + 4906. Suppose 0 = -11*m + o - 47. What is the highest common divisor of 104 and m?
8
Let p(b) = b**2 - 7*b - 27. Let i be p(10). Suppose 7*o - 2*o + 3*a = 97, -i*a = -2*o + 22. Calculate the greatest common divisor of o and 204.
17
Let j be 4/8*(-314 + 12). Let b = 154 + j. Suppose 0 = -5*o + 56 + 64. Calculate the highest common factor of o and b.
3
Let h = 386 - 284. Let a = -15 - -117. Let g be (a/(-15))/((-2)/10). What is the highest common factor of h and g?
34
Let b(m) = -2*m**2 + 4*m + 3749. Let r be b(0). Calculate the greatest common factor of r and 163.
163
Let s be (2*6)/(2/65). Let w(l) = l**3 + 299*l**2 + 1178*l - 525. Let t be w(-295). Calculate the greatest common factor of t and s.
65
Let d(u) = 48*u**3 - u**2 + 6*u - 12. Let y be d(2). What is the highest common divisor of 608 and y?
76
Suppose 2*i - 98796 = -3*z, 399*i = 401*i - 5*z - 98812. What is the greatest common divisor of i and 99?
99
Suppose -41 = 2*w - 5. Let c be 4/w - 3520/(-288). Suppose -2*r + c = -r. Calculate the greatest common factor of r and 4.
4
Suppose 0 = -2*r - 3*k + 25, 4*k - 4 = 4*r - 24. Suppose -r = 2*a - 48. What is the highest common divisor of 5 and a?
5
Let a = -9296 - -9554. Calculate the highest common divisor of a and 731.
43
Let s = -135 + 228. Suppose -7*c = -s - 124. Calculate the greatest common divisor of c and 31.
31
Let v(y) = -4*y + 24. Let n be v(4). Let z be -4*(4 + (-236)/n). Let i = 182 - z. What is the highest common factor of i and 10?
10
Suppose 0 = -5*k + 4*v + 12965, -605*k - v + 5199 = -603*k. What is the highest common factor of 49 and k?
49
Suppose 9*o - 4*o = 65. Suppose -2860 = -23*j - 371 + 202. What is the highest common divisor of o and j?
13
Suppose 2*w - 119 = 5*t, -3*w + 211 = 52*t - 53*t. Calculate the highest common factor of 1416 and w.
24
Let x = 103 - 100. Suppose -x*c + 2*s + 4 = -20, 0 = -5*c + s + 47. Let k be ((-39)/(-9))/(c/60). What is the highest common divisor of k and 13?
13
Let j(o) = -2*o - 14. Let l be j(-8). Let t = -28 + 28. Suppose z = 2*m + 36, l*m = -t*z + 4*z - 120. What is the highest common divisor of 56 and z?
28
Let h be (-9)/12 - (-159)/(-12). Suppose -1133*k - 760 = -1153*k. Let m = h + k. What is the greatest common divisor of m and 36?
12
Suppose 1171 = 4*h - 5*i, -192 = h + 2*i - 475. Let l = h - 148. Calculate the greatest common factor of 94 and l.
47
Let j(t) = t + 48. Let a be j(-30). Suppose 293 + 283 = a*q. What is the greatest common divisor of 16 and q?
16
Let m(i) = -i + 45. Suppose 2*v + 324 = 5*v. Suppose 0 = -5*p + p + v. Let w be m(p). Calculate the greatest common divisor of 18 and w.
18
Let t(c) = -20*c - 958. Let a be t(-50). Calculate the highest common factor of a and 8274.
42
Let a be ((0/(-1))/1)/1. Let f(h) = 17 - 9*h**2 + 10*h**2 - 4*h + h**3 + 25. Let x be f(a). Calculate the highest common factor of x and 336.
42
Suppose 0 = -p - 4*p - 20. Let n be (p/2)/(18/(-81)). Suppose 2*t - 1386 = -n*t. Calculate the highest common factor of 14 and t.
14
Let b = -399 - -885. Calculate the greatest common factor of 84 and b.
6
Let m be 1728/(-270)*(-10)/4. Let r be -2 - ((-202)/18 - m/(-72)). What is the greatest common divisor of 207 and r?
9
Suppose -12535 = -3*c - 3889. What is the highest common divisor of c and 44?
22
Suppose 9*h - 14057 = -2339. Calculate the greatest common divisor of 42 and h.
42
Let f(i) be the first derivative of 85*i**2 + 70*i - 190. Let q be f(7). Calculate the greatest common divisor of q and 12.
12
Let q = 2020 + -1107. Calculate the greatest common divisor of 22 and q.
11
Suppose -3*b - 4*q + 60 = -7*q, 5*b = -2*q + 65. Suppose 2*m + 3969 = -u + 6*u, -3*m = -9. Calculate the greatest common divisor of u and b.
15
Let t be ((-1824)/(-128))/(9/(-48)*-1). Calculate the highest common factor of 1311 and t.
19
Suppose 16*w - 20*w + 12 = 0. Suppose -3 = -3*f + w. Suppose -f*z + 22 + 24 = 0. Calculate the greatest common divisor of z and 69.
23
Let p be (-38)/4*-8*280. Suppose 0 = 15*k - p - 620. What is the greatest common divisor of 20 and k?
20
Suppose 115 = -2*k + 139. Let f(y) be the first derivative of 3*y**4/4